{"id":1182,"date":"2025-10-08T17:21:03","date_gmt":"2025-10-08T21:21:03","guid":{"rendered":"https:\/\/womeninmusic.ca\/fonctionnalites\/journee-mondiale-des-parents\/journee-mondiale-des-parents-2025\/"},"modified":"2025-10-23T14:36:39","modified_gmt":"2025-10-23T18:36:39","slug":"journee-mondiale-des-parents-2025","status":"publish","type":"page","link":"https:\/\/womeninmusic.ca\/fr\/fonctionnalites\/journee-mondiale-des-parents\/journee-mondiale-des-parents-2025\/","title":{"rendered":"Journ\u00e9e mondiale des parents 2025"},"content":{"rendered":"\t\t<div data-elementor-type=\"wp-page\" data-elementor-id=\"1182\" class=\"elementor elementor-1182 elementor-307\" data-elementor-post-type=\"page\">\n\t\t\t\t<div class=\"elementor-element elementor-element-618731f e-flex e-con-boxed e-con e-parent\" data-id=\"618731f\" data-element_type=\"container\">\n\t\t\t\t\t<div class=\"e-con-inner\">\n\t\t<div class=\"elementor-element elementor-element-e2fd393 e-con-full e-flex e-con e-child\" data-id=\"e2fd393\" data-element_type=\"container\">\n\t\t\t\t<div class=\"elementor-element elementor-element-687ccf2 elementor-widget elementor-widget-text-editor\" data-id=\"687ccf2\" data-element_type=\"widget\" data-widget_type=\"text-editor.default\">\n\t\t\t\t<div class=\"elementor-widget-container\">\n\t\t\t\t\t\t\t\t\t<p>\u00c0 l&#8217;occasion de la Journ\u00e9e mondiale des parents (<a href=\"https:\/\/www.un.org\/en\/observances\/parents-day\">informations de l&#8217;ONU<\/a>), nous honorons et c\u00e9l\u00e9brons les parents dans l&#8217;industrie musicale. Cette page met en lumi\u00e8re les exp\u00e9riences uniques et le parcours de chaque parent dans la gestion de la parentalit\u00e9 dans l&#8217;industrie actuelle. <\/p><p>Nous visons \u00e0 plaider pour le changement et \u00e0 promouvoir des initiatives favorables aux familles dans la musique. Nous esp\u00e9rons inspirer de nouvelles perspectives tout en soutenant tous les parents qui \u00e9quilibrent parentalit\u00e9 et carri\u00e8re. <\/p><p>Nous souhaitons exprimer nos sinc\u00e8res remerciements \u00e0 tous les parents qui ont contribu\u00e9 leurs histoires cette ann\u00e9e et reconna\u00eetre ceux que nous n&#8217;avons pas pu capturer pour leur travail incroyable. Nous esp\u00e9rons que ce soutien continu initiera l&#8217;inclusivit\u00e9 dans l&#8217;industrie avec des pratiques favorables aux parents et aux familles. <\/p><p>Restez \u00e0 l&#8217;\u00e9coute pour la Journ\u00e9e mondiale des parents de cette ann\u00e9e le 1er juin !<\/p>\t\t\t\t\t\t\t\t<\/div>\n\t\t\t\t<\/div>\n\t\t\t\t<div class=\"elementor-element elementor-element-ae074a3 elementor-grid-3 elementor-grid-tablet-2 elementor-grid-mobile-1 elementor-widget elementor-widget-loop-grid\" data-id=\"ae074a3\" data-element_type=\"widget\" data-settings=\"{&quot;template_id&quot;:1353,&quot;masonry&quot;:&quot;yes&quot;,&quot;row_gap&quot;:{&quot;unit&quot;:&quot;px&quot;,&quot;size&quot;:30,&quot;sizes&quot;:[]},&quot;pagination_type&quot;:&quot;load_more_on_click&quot;,&quot;_skin&quot;:&quot;post&quot;,&quot;columns&quot;:&quot;3&quot;,&quot;columns_tablet&quot;:&quot;2&quot;,&quot;columns_mobile&quot;:&quot;1&quot;,&quot;edit_handle_selector&quot;:&quot;[data-elementor-type=\\&quot;loop-item\\&quot;]&quot;,&quot;load_more_spinner&quot;:{&quot;value&quot;:&quot;fas fa-spinner&quot;,&quot;library&quot;:&quot;fa-solid&quot;},&quot;row_gap_tablet&quot;:{&quot;unit&quot;:&quot;px&quot;,&quot;size&quot;:&quot;&quot;,&quot;sizes&quot;:[]},&quot;row_gap_mobile&quot;:{&quot;unit&quot;:&quot;px&quot;,&quot;size&quot;:&quot;&quot;,&quot;sizes&quot;:[]}}\" data-widget_type=\"loop-grid.post\">\n\t\t\t\t<div class=\"elementor-widget-container\">\n\t\t\t\t\t\t\t<div class=\"e-loop-nothing-found-message\">\n\t\t<\/div>\n\t\t\t\t\t\t<\/div>\n\t\t\t\t<\/div>\n\t\t\t\t<\/div>\n\t\t\t\t\t<\/div>\n\t\t\t\t<\/div>\n\t\t\t\t<\/div>\n\t\t","protected":false},"excerpt":{"rendered":"<p>\u00c0 l&#8217;occasion de la Journ\u00e9e mondiale des parents (informations de l&#8217;ONU), nous honorons et c\u00e9l\u00e9brons les parents dans l&#8217;industrie musicale. Cette page met en lumi\u00e8re les exp\u00e9riences uniques et le [&hellip;]<\/p>\n","protected":false},"author":1,"featured_media":0,"parent":1157,"menu_order":0,"comment_status":"closed","ping_status":"closed","template":"","meta":{"_acf_changed":false,"footnotes":""},"class_list":["post-1182","page","type-page","status-publish","hentry"],"acf":[],"yoast_head":"<!-- This site is optimized with the Yoast SEO plugin v26.8 - https:\/\/yoast.com\/product\/yoast-seo-wordpress\/ -->\n<title>Journ\u00e9e mondiale des parents 2025 - WOMEN IN MUSIC CANADA<\/title>\n<meta name=\"robots\" content=\"index, follow, max-snippet:-1, max-image-preview:large, max-video-preview:-1\" \/>\n<link rel=\"canonical\" href=\"https:\/\/womeninmusic.ca\/fr\/fonctionnalites\/journee-mondiale-des-parents\/journee-mondiale-des-parents-2025\/\" \/>\n<meta property=\"og:locale\" content=\"fr_FR\" \/>\n<meta property=\"og:type\" content=\"article\" \/>\n<meta property=\"og:title\" content=\"Journ\u00e9e mondiale des parents 2025 - WOMEN IN MUSIC CANADA\" \/>\n<meta property=\"og:description\" content=\"\u00c0 l&#8217;occasion de la Journ\u00e9e mondiale des parents (informations de l&#8217;ONU), nous honorons et c\u00e9l\u00e9brons les parents dans l&#8217;industrie musicale. Cette page met en lumi\u00e8re les exp\u00e9riences uniques et le [&hellip;]\" \/>\n<meta property=\"og:url\" content=\"https:\/\/womeninmusic.ca\/fr\/fonctionnalites\/journee-mondiale-des-parents\/journee-mondiale-des-parents-2025\/\" \/>\n<meta property=\"og:site_name\" content=\"WOMEN IN MUSIC CANADA\" \/>\n<meta property=\"article:modified_time\" content=\"2025-10-23T18:36:39+00:00\" \/>\n<meta name=\"twitter:card\" content=\"summary_large_image\" \/>\n<meta name=\"twitter:label1\" content=\"Dur\u00e9e de lecture estim\u00e9e\" \/>\n\t<meta name=\"twitter:data1\" content=\"1 minute\" \/>\n<script type=\"application\/ld+json\" class=\"yoast-schema-graph\">{\"@context\":\"https:\/\/schema.org\",\"@graph\":[{\"@type\":\"WebPage\",\"@id\":\"https:\/\/womeninmusic.ca\/fr\/fonctionnalites\/journee-mondiale-des-parents\/journee-mondiale-des-parents-2025\/\",\"url\":\"https:\/\/womeninmusic.ca\/fr\/fonctionnalites\/journee-mondiale-des-parents\/journee-mondiale-des-parents-2025\/\",\"name\":\"Journ\u00e9e mondiale des parents 2025 - WOMEN IN MUSIC CANADA\",\"isPartOf\":{\"@id\":\"https:\/\/womeninmusic.ca\/fr\/#website\"},\"datePublished\":\"2025-10-08T21:21:03+00:00\",\"dateModified\":\"2025-10-23T18:36:39+00:00\",\"breadcrumb\":{\"@id\":\"https:\/\/womeninmusic.ca\/fr\/fonctionnalites\/journee-mondiale-des-parents\/journee-mondiale-des-parents-2025\/#breadcrumb\"},\"inLanguage\":\"fr-FR\",\"potentialAction\":[{\"@type\":\"ReadAction\",\"target\":[\"https:\/\/womeninmusic.ca\/fr\/fonctionnalites\/journee-mondiale-des-parents\/journee-mondiale-des-parents-2025\/\"]}]},{\"@type\":\"BreadcrumbList\",\"@id\":\"https:\/\/womeninmusic.ca\/fr\/fonctionnalites\/journee-mondiale-des-parents\/journee-mondiale-des-parents-2025\/#breadcrumb\",\"itemListElement\":[{\"@type\":\"ListItem\",\"position\":1,\"name\":\"Home\",\"item\":\"https:\/\/womeninmusic.ca\/fr\/accueil\/\"},{\"@type\":\"ListItem\",\"position\":2,\"name\":\"Fonctionnalit\u00e9s\",\"item\":\"https:\/\/womeninmusic.ca\/fr\/fonctionnalites\/\"},{\"@type\":\"ListItem\",\"position\":3,\"name\":\"Journ\u00e9e mondiale des parents\",\"item\":\"https:\/\/womeninmusic.ca\/fr\/fonctionnalites\/journee-mondiale-des-parents\/\"},{\"@type\":\"ListItem\",\"position\":4,\"name\":\"Journ\u00e9e mondiale des parents 2025\"}]},{\"@type\":\"WebSite\",\"@id\":\"https:\/\/womeninmusic.ca\/fr\/#website\",\"url\":\"https:\/\/womeninmusic.ca\/fr\/\",\"name\":\"WOMEN IN MUSIC CANADA\",\"description\":\"\",\"publisher\":{\"@id\":\"https:\/\/womeninmusic.ca\/fr\/#organization\"},\"potentialAction\":[{\"@type\":\"SearchAction\",\"target\":{\"@type\":\"EntryPoint\",\"urlTemplate\":\"https:\/\/womeninmusic.ca\/fr\/?s={search_term_string}\"},\"query-input\":{\"@type\":\"PropertyValueSpecification\",\"valueRequired\":true,\"valueName\":\"search_term_string\"}}],\"inLanguage\":\"fr-FR\"},{\"@type\":\"Organization\",\"@id\":\"https:\/\/womeninmusic.ca\/fr\/#organization\",\"name\":\"WOMEN IN MUSIC CANADA\",\"url\":\"https:\/\/womeninmusic.ca\/fr\/\",\"logo\":{\"@type\":\"ImageObject\",\"inLanguage\":\"fr-FR\",\"@id\":\"https:\/\/womeninmusic.ca\/fr\/#\/schema\/logo\/image\/\",\"url\":\"https:\/\/womeninmusic.ca\/wp-content\/uploads\/2025\/09\/WIM_CDA_Logo_Horizontal-782fc697.webp\",\"contentUrl\":\"https:\/\/womeninmusic.ca\/wp-content\/uploads\/2025\/09\/WIM_CDA_Logo_Horizontal-782fc697.webp\",\"width\":301,\"height\":60,\"caption\":\"WOMEN IN MUSIC CANADA\"},\"image\":{\"@id\":\"https:\/\/womeninmusic.ca\/fr\/#\/schema\/logo\/image\/\"}}]}<\/script>\n<!-- \/ Yoast SEO plugin. -->","yoast_head_json":{"title":"Journ\u00e9e mondiale des parents 2025 - WOMEN IN MUSIC CANADA","robots":{"index":"index","follow":"follow","max-snippet":"max-snippet:-1","max-image-preview":"max-image-preview:large","max-video-preview":"max-video-preview:-1"},"canonical":"https:\/\/womeninmusic.ca\/fr\/fonctionnalites\/journee-mondiale-des-parents\/journee-mondiale-des-parents-2025\/","og_locale":"fr_FR","og_type":"article","og_title":"Journ\u00e9e mondiale des parents 2025 - WOMEN IN MUSIC CANADA","og_description":"\u00c0 l&#8217;occasion de la Journ\u00e9e mondiale des parents (informations de l&#8217;ONU), nous honorons et c\u00e9l\u00e9brons les parents dans l&#8217;industrie musicale. Cette page met en lumi\u00e8re les exp\u00e9riences uniques et le [&hellip;]","og_url":"https:\/\/womeninmusic.ca\/fr\/fonctionnalites\/journee-mondiale-des-parents\/journee-mondiale-des-parents-2025\/","og_site_name":"WOMEN IN MUSIC CANADA","article_modified_time":"2025-10-23T18:36:39+00:00","twitter_card":"summary_large_image","twitter_misc":{"Dur\u00e9e de lecture estim\u00e9e":"1 minute"},"schema":{"@context":"https:\/\/schema.org","@graph":[{"@type":"WebPage","@id":"https:\/\/womeninmusic.ca\/fr\/fonctionnalites\/journee-mondiale-des-parents\/journee-mondiale-des-parents-2025\/","url":"https:\/\/womeninmusic.ca\/fr\/fonctionnalites\/journee-mondiale-des-parents\/journee-mondiale-des-parents-2025\/","name":"Journ\u00e9e mondiale des parents 2025 - WOMEN IN MUSIC CANADA","isPartOf":{"@id":"https:\/\/womeninmusic.ca\/fr\/#website"},"datePublished":"2025-10-08T21:21:03+00:00","dateModified":"2025-10-23T18:36:39+00:00","breadcrumb":{"@id":"https:\/\/womeninmusic.ca\/fr\/fonctionnalites\/journee-mondiale-des-parents\/journee-mondiale-des-parents-2025\/#breadcrumb"},"inLanguage":"fr-FR","potentialAction":[{"@type":"ReadAction","target":["https:\/\/womeninmusic.ca\/fr\/fonctionnalites\/journee-mondiale-des-parents\/journee-mondiale-des-parents-2025\/"]}]},{"@type":"BreadcrumbList","@id":"https:\/\/womeninmusic.ca\/fr\/fonctionnalites\/journee-mondiale-des-parents\/journee-mondiale-des-parents-2025\/#breadcrumb","itemListElement":[{"@type":"ListItem","position":1,"name":"Home","item":"https:\/\/womeninmusic.ca\/fr\/accueil\/"},{"@type":"ListItem","position":2,"name":"Fonctionnalit\u00e9s","item":"https:\/\/womeninmusic.ca\/fr\/fonctionnalites\/"},{"@type":"ListItem","position":3,"name":"Journ\u00e9e mondiale des parents","item":"https:\/\/womeninmusic.ca\/fr\/fonctionnalites\/journee-mondiale-des-parents\/"},{"@type":"ListItem","position":4,"name":"Journ\u00e9e mondiale des parents 2025"}]},{"@type":"WebSite","@id":"https:\/\/womeninmusic.ca\/fr\/#website","url":"https:\/\/womeninmusic.ca\/fr\/","name":"WOMEN IN MUSIC CANADA","description":"","publisher":{"@id":"https:\/\/womeninmusic.ca\/fr\/#organization"},"potentialAction":[{"@type":"SearchAction","target":{"@type":"EntryPoint","urlTemplate":"https:\/\/womeninmusic.ca\/fr\/?s={search_term_string}"},"query-input":{"@type":"PropertyValueSpecification","valueRequired":true,"valueName":"search_term_string"}}],"inLanguage":"fr-FR"},{"@type":"Organization","@id":"https:\/\/womeninmusic.ca\/fr\/#organization","name":"WOMEN IN MUSIC CANADA","url":"https:\/\/womeninmusic.ca\/fr\/","logo":{"@type":"ImageObject","inLanguage":"fr-FR","@id":"https:\/\/womeninmusic.ca\/fr\/#\/schema\/logo\/image\/","url":"https:\/\/womeninmusic.ca\/wp-content\/uploads\/2025\/09\/WIM_CDA_Logo_Horizontal-782fc697.webp","contentUrl":"https:\/\/womeninmusic.ca\/wp-content\/uploads\/2025\/09\/WIM_CDA_Logo_Horizontal-782fc697.webp","width":301,"height":60,"caption":"WOMEN IN MUSIC CANADA"},"image":{"@id":"https:\/\/womeninmusic.ca\/fr\/#\/schema\/logo\/image\/"}}]}},"_links":{"self":[{"href":"https:\/\/womeninmusic.ca\/fr\/wp-json\/wp\/v2\/pages\/1182","targetHints":{"allow":["GET"]}}],"collection":[{"href":"https:\/\/womeninmusic.ca\/fr\/wp-json\/wp\/v2\/pages"}],"about":[{"href":"https:\/\/womeninmusic.ca\/fr\/wp-json\/wp\/v2\/types\/page"}],"author":[{"embeddable":true,"href":"https:\/\/womeninmusic.ca\/fr\/wp-json\/wp\/v2\/users\/1"}],"replies":[{"embeddable":true,"href":"https:\/\/womeninmusic.ca\/fr\/wp-json\/wp\/v2\/comments?post=1182"}],"version-history":[{"count":2,"href":"https:\/\/womeninmusic.ca\/fr\/wp-json\/wp\/v2\/pages\/1182\/revisions"}],"predecessor-version":[{"id":1658,"href":"https:\/\/womeninmusic.ca\/fr\/wp-json\/wp\/v2\/pages\/1182\/revisions\/1658"}],"up":[{"embeddable":true,"href":"https:\/\/womeninmusic.ca\/fr\/wp-json\/wp\/v2\/pages\/1157"}],"wp:attachment":[{"href":"https:\/\/womeninmusic.ca\/fr\/wp-json\/wp\/v2\/media?parent=1182"}],"curies":[{"name":"wp","href":"https:\/\/api.w.org\/{rel}","templated":true}]}}

Journée mondiale des parents 2025

<div data-elementor-type="wp-page" data-elementor-id="1182" class="elementor elementor-1182 elementor-307" data-elementor-post-type="page">
				<div class="elementor-element elementor-element-618731f e-flex e-con-boxed e-con e-parent" data-id="618731f" data-element_type="container">
					<div class="e-con-inner">
		<div class="elementor-element elementor-element-e2fd393 e-con-full e-flex e-con e-child" data-id="e2fd393" data-element_type="container">
				<div class="elementor-element elementor-element-687ccf2 elementor-widget elementor-widget-text-editor" data-id="687ccf2" data-element_type="widget" data-widget_type="text-editor.default">
				<div class="elementor-widget-container">
									<p>À l&#8217;occasion de la Journée mondiale des parents (<a href="https://www.un.org/en/observances/parents-day">informations de l&#8217;ONU</a>), nous honorons et célébrons les parents dans l&#8217;industrie musicale. Cette page met en lumière les expériences uniques et le parcours de chaque parent dans la gestion de la parentalité dans l&#8217;industrie actuelle. </p><p>Nous visons à plaider pour le changement et à promouvoir des initiatives favorables aux familles dans la musique. Nous espérons inspirer de nouvelles perspectives tout en soutenant tous les parents qui équilibrent parentalité et carrière. </p><p>Nous souhaitons exprimer nos sincères remerciements à tous les parents qui ont contribué leurs histoires cette année et reconnaître ceux que nous n&#8217;avons pas pu capturer pour leur travail incroyable. Nous espérons que ce soutien continu initiera l&#8217;inclusivité dans l&#8217;industrie avec des pratiques favorables aux parents et aux familles. </p><p>Restez à l&#8217;écoute pour la Journée mondiale des parents de cette année le 1er juin !</p>								</div>
				</div>
				<div class="elementor-element elementor-element-ae074a3 elementor-grid-3 elementor-grid-tablet-2 elementor-grid-mobile-1 elementor-widget elementor-widget-loop-grid" data-id="ae074a3" data-element_type="widget" data-settings="{&quot;template_id&quot;:1353,&quot;masonry&quot;:&quot;yes&quot;,&quot;row_gap&quot;:{&quot;unit&quot;:&quot;px&quot;,&quot;size&quot;:30,&quot;sizes&quot;:[]},&quot;pagination_type&quot;:&quot;load_more_on_click&quot;,&quot;_skin&quot;:&quot;post&quot;,&quot;columns&quot;:&quot;3&quot;,&quot;columns_tablet&quot;:&quot;2&quot;,&quot;columns_mobile&quot;:&quot;1&quot;,&quot;edit_handle_selector&quot;:&quot;[data-elementor-type=\&quot;loop-item\&quot;]&quot;,&quot;load_more_spinner&quot;:{&quot;value&quot;:&quot;fas fa-spinner&quot;,&quot;library&quot;:&quot;fa-solid&quot;},&quot;row_gap_tablet&quot;:{&quot;unit&quot;:&quot;px&quot;,&quot;size&quot;:&quot;&quot;,&quot;sizes&quot;:[]},&quot;row_gap_mobile&quot;:{&quot;unit&quot;:&quot;px&quot;,&quot;size&quot;:&quot;&quot;,&quot;sizes&quot;:[]}}" data-widget_type="loop-grid.post">
				<div class="elementor-widget-container">
							<div class="e-loop-nothing-found-message">
		</div>
						</div>
				</div>
				</div>
					</div>
				</div>
				</div>

<p>À l&#8217;occasion de la Journée mondiale des parents (informations de l&#8217;ONU), nous honorons et célébrons les parents dans l&#8217;industrie musicale. Cette page met en lumière les expériences uniques et le [&hellip;]</p>

<!-- This site is optimized with the Yoast SEO plugin v26.8 - https://yoast.com/product/yoast-seo-wordpress/ -->
<title>Journée mondiale des parents 2025 - WOMEN IN MUSIC CANADA</title>
<meta name="robots" content="index, follow, max-snippet:-1, max-image-preview:large, max-video-preview:-1" />
<link rel="canonical" href="https://womeninmusic.ca/fr/fonctionnalites/journee-mondiale-des-parents/journee-mondiale-des-parents-2025/" />
<meta property="og:locale" content="fr_FR" />
<meta property="og:type" content="article" />
<meta property="og:title" content="Journée mondiale des parents 2025 - WOMEN IN MUSIC CANADA" />
<meta property="og:description" content="À l&#8217;occasion de la Journée mondiale des parents (informations de l&#8217;ONU), nous honorons et célébrons les parents dans l&#8217;industrie musicale. Cette page met en lumière les expériences uniques et le [&hellip;]" />
<meta property="og:url" content="https://womeninmusic.ca/fr/fonctionnalites/journee-mondiale-des-parents/journee-mondiale-des-parents-2025/" />
<meta property="og:site_name" content="WOMEN IN MUSIC CANADA" />
<meta property="article:modified_time" content="2025-10-23T18:36:39+00:00" />
<meta name="twitter:card" content="summary_large_image" />
<meta name="twitter:label1" content="Durée de lecture estimée" />
	<meta name="twitter:data1" content="1 minute" />
<script type="application/ld+json" class="yoast-schema-graph">{"@context":"https://schema.org","@graph":[{"@type":"WebPage","@id":"https://womeninmusic.ca/fr/fonctionnalites/journee-mondiale-des-parents/journee-mondiale-des-parents-2025/","url":"https://womeninmusic.ca/fr/fonctionnalites/journee-mondiale-des-parents/journee-mondiale-des-parents-2025/","name":"Journée mondiale des parents 2025 - WOMEN IN MUSIC CANADA","isPartOf":{"@id":"https://womeninmusic.ca/fr/#website"},"datePublished":"2025-10-08T21:21:03+00:00","dateModified":"2025-10-23T18:36:39+00:00","breadcrumb":{"@id":"https://womeninmusic.ca/fr/fonctionnalites/journee-mondiale-des-parents/journee-mondiale-des-parents-2025/#breadcrumb"},"inLanguage":"fr-FR","potentialAction":[{"@type":"ReadAction","target":["https://womeninmusic.ca/fr/fonctionnalites/journee-mondiale-des-parents/journee-mondiale-des-parents-2025/"]}]},{"@type":"BreadcrumbList","@id":"https://womeninmusic.ca/fr/fonctionnalites/journee-mondiale-des-parents/journee-mondiale-des-parents-2025/#breadcrumb","itemListElement":[{"@type":"ListItem","position":1,"name":"Home","item":"https://womeninmusic.ca/fr/accueil/"},{"@type":"ListItem","position":2,"name":"Fonctionnalités","item":"https://womeninmusic.ca/fr/fonctionnalites/"},{"@type":"ListItem","position":3,"name":"Journée mondiale des parents","item":"https://womeninmusic.ca/fr/fonctionnalites/journee-mondiale-des-parents/"},{"@type":"ListItem","position":4,"name":"Journée mondiale des parents 2025"}]},{"@type":"WebSite","@id":"https://womeninmusic.ca/fr/#website","url":"https://womeninmusic.ca/fr/","name":"WOMEN IN MUSIC CANADA","description":"","publisher":{"@id":"https://womeninmusic.ca/fr/#organization"},"potentialAction":[{"@type":"SearchAction","target":{"@type":"EntryPoint","urlTemplate":"https://womeninmusic.ca/fr/?s={search_term_string}"},"query-input":{"@type":"PropertyValueSpecification","valueRequired":true,"valueName":"search_term_string"}}],"inLanguage":"fr-FR"},{"@type":"Organization","@id":"https://womeninmusic.ca/fr/#organization","name":"WOMEN IN MUSIC CANADA","url":"https://womeninmusic.ca/fr/","logo":{"@type":"ImageObject","inLanguage":"fr-FR","@id":"https://womeninmusic.ca/fr/#/schema/logo/image/","url":"https://womeninmusic.ca/wp-content/uploads/2025/09/WIM_CDA_Logo_Horizontal-782fc697.webp","contentUrl":"https://womeninmusic.ca/wp-content/uploads/2025/09/WIM_CDA_Logo_Horizontal-782fc697.webp","width":301,"height":60,"caption":"WOMEN IN MUSIC CANADA"},"image":{"@id":"https://womeninmusic.ca/fr/#/schema/logo/image/"}}]}</script>
<!-- / Yoast SEO plugin. -->

Journée mondiale des parents 2025 - WOMEN IN MUSIC CANADA

À l&#8217;occasion de la Journée mondiale des parents (informations de l&#8217;ONU), nous honorons et célébrons les parents dans l&#8217;industrie musicale. Cette page met en lumière les expériences uniques et le [&hellip;]

Fonctionnalités

Journée mondiale des parents
